
True
Is 61 a factor of 31165693?
True
Does 55 divide 13512950?
True
Is 74136716 a multiple of 244?
True
Is 9041 a factor of 1015577402?
False
Is 2208 a factor of 1279414973?
False
Is 2977 a factor of 19497643?
False
Is 1471702908 a multiple of 44?
False
Is 22838250 a multiple of 10?
True
Is 10629492 a multiple of 51?
False
Does 2238 divide 1146217232?
False
Does 45 divide 137287339?
False
Is 456 a factor of 152349600?
True
Is 4318268 a multiple of 1154?
True
Does 8 divide 26613358?
False
Does 28 divide 11683756?
True
Is 3396 a factor of 22576608?
True
Is 1319 a factor of 142706722?
False
Is 1335 a factor of 586408095?
True
Does 2123 divide 213161938?
True
Is 1060917872 a multiple of 112?
True
Is 8011926 a multiple of 13?
True
Is 244668390 a multiple of 15?
True
Is 1584 a factor of 130995216?
True
Is 2213910 a multiple of 170?
True
Is 39760825 a multiple of 119?
False
Does 43 divide 2078208043?
False
Is 134729009 a multiple of 23?
True
Is 7433337 a multiple of 4?
False
Does 7 divide 26337857?
True
Is 60649692 a multiple of 489?
True
Is 364 a factor of 4612608?
True
Is 95182885 a multiple of 1435?
False
Does 452 divide 11803076?
True
Does 1899 divide 89564966?
False
Does 1237 divide 1405631648?
False
Does 37 divide 16504405?
True
Is 427728 a multiple of 184?
False
Is 528336372 a multiple of 244?
True
Is 43 a factor of 2201499638?
True
Does 175 divide 38386075?
True
Does 143 divide 38544655?
False
Is 259673019 a multiple of 80?
False
Is 1249 a factor of 273255756?
False
Does 207 divide 26285481?
True
Does 64 divide 1747754176?
True
Is 18071616 a multiple of 3?
True
Is 15 a factor of 228194468?
False
Is 292 a factor of 5910131?
False
Does 700 divide 616159247?
False
Is 1421 a factor of 361908806?
True
Is 3314194 a multiple of 13?
True
Does 91 divide 35905661?
False
Does 587 divide 439258350?
False
Does 178 divide 352995538?
True
Is 10249900 a multiple of 900?
False
Does 28 divide 1634288012?
True
Is 39338790 a multiple of 87?
True
Is 477 a factor of 65896119?
True
Is 419519704 a multiple of 96?
False
Is 20960343 a multiple of 89?
False
Is 4760236 a multiple of 208?
False
Does 7 divide 46945458?
True
Is 29990794 a multiple of 74?
True
Is 69188517 a multiple of 181?
True
Does 254 divide 864500?
False
Does 17 divide 26409534?
True
Is 4026 a factor of 90673572?
True
Does 4 divide 4267384?
True
Does 27 divide 26694954?
True
Does 19 divide 530768733?
False
Is 3255 a factor of 35730639?
False
Is 205833667 a multiple of 64?
False
Is 340652800 a multiple of 30?
False
Does 313 divide 26097001?
True
Is 11305135 a multiple of 1777?
False
Is 17317925 a multiple of 14?
False
Is 9 a factor of 7746579?
True
Does 1495 divide 907764000?
True
Does 55 divide 4679295740?
False
Is 4785696 a multiple of 2?
True
Is 877916711 a multiple of 3623?
False
Is 6278018064 a multiple of 24?
True
Is 1592971 a multiple of 16?
False
Does 5 divide 36913895?
True
Does 5 divide 31957876?
False
Does 635 divide 62289055?
True
Does 13 divide 88075468?
True
Does 56 divide 51817914?
False
Does 8 divide 16853862?
False
Is 1121 a factor of 2318939835?
True
Is 74 a factor of 8358300?
True
Does 48 divide 43516320?
True
Does 409 divide 388563497?
True
Is 3 a factor of 8071752?
True
Is 85 a factor of 111919585?
True
Is 179 a factor of 285071645?
False
Is 182 a factor of 29652350?
True
Is 46729421 a multiple of 439?
False
Is 4052396304 a multiple of 22?
True
Is 12 a factor of 80131029?
False
Is 15 a factor of 8996835?
True
Is 14 a factor of 96530182?
True
Is 111041352 a multiple of 23?
False
Is 151573272 a multiple of 3904?
False
Is 204 a factor of 26454108?
True
Does 269 divide 159048940?
True
Does 406 divide 123208693?
False
Is 5258 a factor of 739837784?
False
Is 1590783283 a multiple of 497?
False
Is 54 a factor of 12439043?
False
Is 9 a factor of 514223805?
False
Is 23 a factor of 495105820?
True
Is 6259770 a multiple of 10?
True
Does 145 divide 4647165465?
True
Is 3508765640 a multiple of 1640?
False
Does 226 divide 24361444?
True
Is 606762322 a multiple of 18?
False
Does 482 divide 1866422090?
True
Is 443068658 a multiple of 46?
False
Does 16 divide 1352665480?
False
Is 31 a factor of 6258767?
False
Does 7 divide 322304639?
False
Is 156532586 a multiple of 3158?
True
Is 368046510 a multiple of 80?
False
Is 857 a factor of 39933629?
True
Does 20 divide 100852260?
True
Is 21566326 a multiple of 3?
False
Is 21006182 a multiple of 2209?
False
Does 8 divide 46814992?
True
Is 50211388 a multiple of 25?
False
Does 14 divide 138511150?
False
Does 2438 divide 2124161136?
True
Is 16 a factor of 37496321?
False
Is 14 a factor of 347358928?
True
Does 272 divide 246107232?
True
Is 117 a factor of 23299029?
True
Is 88 a factor of 5897527?
False
Does 19 divide 461274884?
False
Is 282 a factor of 316268571?
False
Is 279006886 a multiple of 5103?
False
Is 1643911328 a multiple of 52?
False
Does 1822 divide 2237062555?
False
Does 283 divide 23475272?
False
Is 34606152 a multiple of 930?
False
Does 12 divide 641062?
False
Is 4 a factor of 34649117?
False
Is 14202361 a multiple of 315?
False
Is 5937825783 a multiple of 284?
False
Is 535 a factor of 312774375?
True
Does 2646 divide 35102816?
False
Does 848 divide 484589399?
False
Is 3 a factor of 77038657?
False
Is 325901352 a multiple of 56?
True
Is 142 a factor of 78813833?
False
Does 172 divide 6209011?
False
Is 13 a factor of 584005578?
True
Is 372806828 a multiple of 571?
False
Is 554751990 a multiple of 663?
True
Is 23 a factor of 882288234?
True
Is 757813023 a multiple of 243?
False
Is 23739593 a multiple of 17?
False
Is 1324876520 a multiple of 34?
False
Does 18 divide 3820681764?
True
Does 51 divide 331354486?
False
Is 7564044 a multiple of 129?
True
Does 310 divide 89253178?
False
Is 62939520 a multiple of 720?
True
Is 150660592 a multiple of 19?
False
Is 68939900 a multiple of 189?
False
Is 68 a factor of 20561767?
False
Is 668209017 a multiple of 21?
True
Is 940355 a multiple of 85?
True
Does 1316 divide 87357396?
True
Is 13 a factor of 3837385?
False
Does 624 divide 30397982?
False
Does 2050 divide 18827200?
True
Does 1898 divide 2153161?
False
Is 46147776 a multiple of 192?
True
Is 13 a factor of 159469752?
True
Is 6 a factor of 5066142?
True
Does 2518 divide 166867860?
True
Is 534 a factor of 12858186?
True
Is 592268400 a multiple of 36?
True
Does 167 divide 22336425?
False
Is 24 a factor of 291881280?
True
Is 3 a factor of 7426584?
True
Is 289 a factor of 2338963008?
False
Is 187944656 a multiple of 19?
True
Does 66 divide 19893690?
False
Is 56 a factor of 213674651?
False
Is 292 a factor of 21520962?
False
Is 138 a factor of 345722288?
False
Is 11 a factor of 252485662?
True
Is 6 a factor of 1387442664?
True
Is 1000902960 a multiple of 90?
True
Is 6473368 a multiple of 8?
True
Does 37 divide 25745710?
True
Is 54 a factor of 46450854?
True
Is 1067573535 a multiple of 3577?
True
Does 157 divide 144311327?
False
Is 2464603085 a multiple of 265?
True
Does 13 divide 692157604?
False
Is 4505 a factor of 3212096535?
True
Is 10 a factor of 103685540?
True
Is 183191929 a multiple of 42?
False
Is 13230840 a multiple of 20?
True
Does 17 divide 466091964?
False
Does 3 divide 1266319259?
False
Does 177 divide 61823091?
True
Does 494 divide 2227879070?
False
Is 636 a factor of 74771340?
True
Is 16 a factor of 856730796?
False
Is 376766193 a multiple of 12?
False
Is 74 a factor of 698606102?
True
Does 976 divide 109735584?
True
Is 72 a factor of 5465569?
False
Does 67 divide 62602219?
False
Is 75 a factor of 14076570?
False
Does 172 divide 65616280?
True
Is 670 a factor of 42242578?
False
Is 10 a factor of 5290564?
False
Is 20401184 a multiple of 1047?
False
Does 119 divide 1006539527?
False
Is 742008135 a multiple of 2409?
True
Is 4 a factor of 8628832?
True
Does 16 divide 1510572531?
False
Is 15259664 a multiple of 56?
True
Does 21 divide 104026347?
False
Is 110 a factor of 894861293?
False
Is 41545017 a multiple of 9?
True
Is 943 a factor of 12829601?
False
Is 101114746 a multiple of 31?
True
Does 174 divide 74963376?
True
Is 77 a factor of 13090770?
True
Is 31033 a multiple of 735?
False
Is 14 a factor of 105653492?
True
Does 447 divide 170285991?
True
Is 340 a factor of 28382188?
False
Is 1462 a factor of 43887778?
True
Is 23 a factor of 11777833?
